3*h**2 - 16*h + 370. Calculate k(-16).
-142
Let l(q) = -q**3 + 4*q**2 + 982*q - 6723. Determine l(7).
4
Let v(x) = -58*x**2 + 110*x - 2. Give v(3).
-194
Let o(x) = -x**2 + 5*x + 25. Give o(-3).
1
Let k(s) = 147*s + 12. Give k(0).
12
Let l(m) = 649*m - 1933. Give l(3).
14
Let r(j) = 2*j**2 - 30*j - 116. Give r(22).
192
Let w(x) = x**3 + 18*x**2 + 47*x + 142. Calculate w(-16).
-98
Let j(x) = -64*x - 8353. What is j(-131)?
31
Let u(s) = -2*s**3 - 45*s**2 + 49*s + 612. What is u(-23)?
14
Let n(g) = -2*g**2 + 90*g + 2109. Determine n(62).
1
Let n(f) = -308*f - 8008. What is n(-26)?
0
Let n(y) = -983*y - 5888. Determine n(-6).
10
Let l(z) = 68*z + 150. What is l(-2)?
14
Let d(j) = 440*j - 8365. What is d(19)?
-5
Let c(x) = -18*x**2 - 227*x + 107. Determine c(-14).
-243
Let u(z) = 3*z - 104. Calculate u(44).
28
Let g(a) = -2*a**3 + 392*a**2 - 379*a - 2132. Determine g(195).
13
Let t(m) = -18*m**2 + 6*m + 1. Determine t(-1).
-23
Let f(u) = -u**3 + 4*u**2 + 30*u + 15. What is f(9)?
-120
Let b(q) = q + 332. Calculate b(-61).
271
Let g(a) = -a**2 - 288*a - 2217. Calculate g(-8).
23
Let s(u) = u**2 + 20*u - 42. Give s(-8).
-138
Let f(q) = -7*q**2 - 92*q - 301. Calculate f(-6).
-1
Let v(r) = -24*r + 332. Determine v(-8).
524
Let v(h) = -2*h**3 - 20*h**2 - 28*h + 104. Calculate v(-7).
6
Let v(n) = -n**3 - 126*n**2 - 136*n - 1368. Calculate v(-125).
7
Let u(k) = k**3 - 18*k**2 + 133*k - 42. What is u(9)?
426
Let t(x) = -82*x - 58. What is t(-4)?
270
Let p(v) = v**3 - 9*v**2 - 182*v - 154. Calculate p(19).
-2
Let c(d) = -d**3 - d**2 + 53*d + 52. Determine c(-7).
-25
Let t(i) = 28*i + 293. Calculate t(-16).
-155
Let h(p) = 4*p**2 - 240*p - 8473. Calculate h(85).
27
Let f(n) = -386*n + 11196. Determine f(29).
2
Let b(u) = 31*u + 4355. Determine b(-141).
-16
Let x(k) = k**2 + 34*k + 245. What is x(-16)?
-43
Let l(b) = -2*b + 95. Calculate l(32).
31
Let d(c) = -42*c**2 - 266*c + 521. Calculate d(2).
-179
Let f(d) = d**3 + 9*d**2 - d + 8. Give f(-7).
113
Let k(m) = 3*m**2 + 30*m + 88. Give k(-5).
13
Let d(k) = 214*k**2 - 1501*k + 16. Calculate d(7).
-5
Let r(y) = -y**3 - 2*y**2 + 423*y + 334. Give r(20).
-6
Let f(o) = -5*o**2 + 44*o - 51. Calculate f(9).
-60
Let u(s) = 3725*s - 2. What is u(0)?
-2
Let v(j) = -28*j - 94. Calculate v(-5).
46
Let k(m) = 3*m**3 - 2*m**2 + 3*m + 55. Calculate k(0).
55
Let g(a) = a**3 + 29*a**2 + 52*a - 58. Determine g(-27).
-4
Let n(x) = 338*x + 5726. Determine n(-17).
-20
Let z(r) = r**3 - 24*r**2 + 69*r - 545. What is z(22)?
5
Let a(j) = -12*j**2 + 229*j - 21. Determine a(19).
-2
Let o(f) = 6*f**2 + 106*f - 730. Calculate o(-23).
6
Let f(i) = i**3 - 25*i**2 + 137*i - 42. Give f(17).
-25
Let n(k) = 23*k**2 - 7*k - 8. Give n(-1).
22
Let l(t) = -592*t - 182340. What is l(-308)?
-4
Let k(o) = -278*o + 1944. Determine k(7).
-2
Let n(k) = -k**2 + 67*k + 2673. What is n(95)?
13
Let p(d) = 5*d**2 + 2*d - 174. Determine p(-6).
-6
Let l(g) = -32*g - 405. Calculate l(-14).
43
Let a(i) = -338*i - 4054. Calculate a(-12).
2
Let a(w) = 2*w**2 + 27*w + 27. Give a(-16).
107
Let f(w) = -43*w + 491. Determine f(11).
18
Let v(p) = 153*p + 2305. Calculate v(-15).
10
Let r(t) = -t**3 - 5*t**2 + 29*t + 107. What is r(-5)?
-38
Let m(h) = 4*h - 38. Give m(0).
-38
Let c(u) = -u**3 - 2*u**2 - 7*u - 23. Give c(-3).
7
Let c(x) = 92*x - 1366. Give c(6).
-814
Let u(x) = 65*x**2 + 519*x - 10. Give u(-8).
-2
Let z(x) = 79*x - 238. What is z(7)?
315
Let i(t) = 7*t**3 - 17*t**2 - 7*t + 1. Calculate i(3).
16
Let l(m) = -m**3 + 26*m**2 + 30*m - 133. Determine l(27).
-52
Let j(n) = -192*n - 11335. What is j(-59)?
-7
Let w(i) = 3*i**2 - 55*i + 192. What is w(20)?
292
Let o(l) = 72*l + 2621. Give o(-36).
29
Let b(m) = -7*m**2 - 29*m - 69. What is b(-9)?
-375
Let c(z) = 8*z**2 + 264*z - 146. Calculate c(-34).
126
Let r(b) = -2*b**3 + 21*b**2 - 35*b - 21. What is r(8)?
19
Let n(y) = -8*y**2 + 35*y - 64. What is n(5)?
-89
Let j(s) = -s**3 - 84*s**2 - 1192*s - 74. Calculate j(-18).
-2
Let h(m) = m**3 + 18*m**2 + 45*m - 66. Calculate h(-14).
88
Let a(l) = l**3 + 129*l**2 - 548*l - 2131. What is a(-133)?
-3
Let h(x) = -x**3 + 25*x**2 + 55*x - 2. What is h(27)?
25
Let r(u) = -u**2 + 28*u - 56. Determine r(26).
-4
Let y(h) = 3*h**2 - 88*h + 412. Calculate y(6).
-8
Let j(u) = 5895*u - 11774. Determine j(2).
16
Let a(t) = -15*t**2 - 234*t + 84. Give a(-16).
-12
Let o(q) = -63*q - 1195. Calculate o(-23).
254
Let n(s) = -244*s - 2939. Give n(-12).
-11
Let z(x) = -x**3 - 13*x**2 + 10*x - 14. Determine z(-14).
42
Let u(k) = k**2 + 6*k - 310. Determine u(-20).
-30
Let o(w) = -10*w + 2. Give o(18).
-178
Let f(u) = 79*u + 16834. What is f(-213)?
7
Let y(s) = -67*s**3 - 5*s**2 + 15*s - 11. Determine y(1).
-68
Let f(r) = 34*r - 116. What is f(3)?
-14
Let p(l) = 6*l**2 + 102*l - 378. What is p(4)?
126
Let y(a) = 18*a + 207. What is y(-13)?
-27
Let k(y) = -y**3 - 54*y**2 + 59*y + 46. Give k(-55).
-174
Let p(q) = -3*q**2 + 440*q - 14764. What is p(52)?
4
Let n(q) = -6*q**2 + q - 64. Determine n(11).
-779
Let v(z) = 178*z - 3137. Calculate v(16).
-289
Let c(d) = 2*d**3 - 19*d**2 + 21*d + 33. Calculate c(8).
9
Let s(m) = -5*m**3 + 40*m**2 - 121*m. Determine s(4).
-164
Let b(g) = -g**3 + 17*g**2 - 24*g - 80. Calculate b(15).
10
Let t(k) = -k**3 + 26*k**2 + 54*k - 51. Calculate t(28).
-107
Let m(r) = -r**3 - 23*r**2 - 583. Determine m(-24).
-7
Let n(f) = 48*f + 202. Determine n(-4).
10
Let c(i) = 76*i**2 - 759*i - 31. Give c(10).
-21
Let l(b) = -b**3 - 63*b**2 - 129*b - 419. Determine l(-61).
8
Let a(k) = 3*k**2 - 195*k - 7112. What is a(91)?
-14
Let o(d) = -2*d**3 - 47*d**2 - 22*d - 9. What is o(-23)?
-32
Let g(i) = -i**3 + i**2 - 56*i + 314. Calculate g(5).
-66
Let u(n) = -n**3 - 34*n**2 - 39*n - 1355. What is u(-34)?
-29
Let y(n) = 88*n - 187. Give y(2).
-11
Let h(j) = 61*j + 1743. Give h(-29).
-26
Let m(n) = 6*n**2 + 569*n + 4122. Give m(-87).
33
Let i(v) = -2*v**2 - 13*v + 40. Give i(4).
-44
Let y(h) = 1216*h + 35258. Calculate y(-29).
-6
Let g(n) = n**2 + 45*n + 493. Give g(-18).
7
Let s(r) = -r**2 + 377*r - 14373. Determine s(43).
-11
Let r(l) = -l**2 + 796*l - 3187. Give r(4).
-19
Let i(d) = -d**3 - 12*d**2 - 15*d + 55. Give i(-9).
-53
Let o(x) = x**3 + 4*x**2 - 32*x - 132. Determine o(-6).
-12
Let m(h) = -25*h - 565. Calculate m(-23).
10
Let l(r) = r**2 - 3*r - 120. Give l(13).
10
Let c(l) = -3*l**3 + 66*l**2 + 15*l - 335. What is c(22)?
-5
Let q(x) = -x**2 + 44*x + 20007. What is q(-121)?
42
Let m(k) = -k**2 - 56*k + 378. Give m(6).
6
Let y(f) = 48*f + 63. Determine y(-14).
-609
Let g(r) = -81*r + 296. What is g(2)?
134
Let y(l) = l**3 - 39*l**2 - 42*l + 55. Give y(40).
-25
Let b(g) = -108*g + 9723. Calculate b(90).
3
Let l(d) = 56*d**2 + 414*d + 150. Give l(-7).
-4
Let i(j) = -17*j**2 + 3650*j + 1077. Calculate i(215).
2
Let p(o) = -728*o - 11663. Calculate p(-16).
-15
Let s(r) = r**3 - 15*r**2 - 82*r + 119. What is s(19)?
5
Let i(w) = -3*w**3 + 74*w**2 - 6*w + 764. Give i(25).
-11
Let h(j) = 6*j**3 + 35*j**2 - 8*j - 9. Determine h(-6).
3
Let x(a) = 5*a - 179. Calculate x(28).
-39
Let c(x) = 141*x - 1654. Determine c(12).
38
Let b(a) = a**3 + 15*a**2 + 35*a - 11. Determine b(-12).
1
Let h(q) = -q**2 - 142*q - 1083. Calculate h(-8).
-11
Let p(b) = -22*b - 253. What is p(-11)?
-11
Let g(r) = 43*r**2 + 902*r - 21. What is g(-21)?
0
Let i(a) = a**3 + 8*a**2 + 92*a + 652. What is i(-8)?
-84
Let h(i) = -i**3 - 60*i**2 + 429*i + 2098. What is h(-66)?
-80
Let h(j) = -j**3 + 6*j**2 - 94*j + 447. What is h(5)?
2
Let p(d) = -76*d - 2237. Determine p(-27).
-185
Let a(x) = 12*x**2 - 40*x + 210. Calculate a(5).
310
Let w(a) = -2*a**3 - 14*a**2 + 48*a - 105. What is w(-10)?
15
Let p(i) = 45*i + 148. What is p(-15)?
-527
Let k(j) = 1189*j + 2360. Give k(-2).
-18
Let z(o) = 22*o - 1665. Give z(76).
7
Let y(g) = -150*g - 3188. What is y(-21)?
-38
Let s(t) = 17*t**2 + 52*t - 49. What is s(-4)?
15
Let p(z) = z**3 + 11*z**2 - 123*z - 355. What is p(-17)?
2
Let n(c) = -c**2 - 7*c + 218. Calculate n(9).
74
Let b(l) = l**2 - 102*l + 10. Determine b(0).
10
Let s(o) = 10*o**3 + 335*o**2 + 168*o + 103. Calculate s(-33).
4
Let v(j) = j**2 + 152*j - 8146. What is v(-194)?
2
Let o(h) = -8703*h + 43518. Determine o(5).
3
Let t(d) = 9*d**3 - 6*d**2 + 10*d - 24. Calculate t(2).
44
Let q(i) = -i**3 + 70*i**2 - 73*i 